{"id":28,"date":"2020-01-23T05:47:51","date_gmt":"2020-01-23T05:47:51","guid":{"rendered":"http:\/\/ttc-rieseberg-scheppau.de\/?page_id=28"},"modified":"2021-08-06T10:06:09","modified_gmt":"2021-08-06T10:06:09","slug":"startseite","status":"publish","type":"page","link":"http:\/\/ttc-rieseberg-scheppau.de\/?page_id=28","title":{"rendered":"Startseite"},"content":{"rendered":"<p style=\"text-align: center;\"><img loading=\"lazy\" decoding=\"async\" class=\"alignnone size-full wp-image-5\" src=\"http:\/\/ttc-rieseberg-scheppau.de\/wp-content\/uploads\/2018\/01\/TTC_Rieseberg-Scheppau.png\" alt=\"\" width=\"118\" height=\"141\" \/><\/p>\n<p style=\"text-align: center;\">Herzlich Willkommen auf der Homepage vom TTC Rieseberg-Scheppau e.V. von 1948.<\/p>\n<p style=\"text-align: center;\">Hier kannst du dich \u00fcber unseren Verein informieren.<\/p>\n<p style=\"text-align: center;\">Viel Spa\u00df beim st\u00f6bern.<\/p>\n<p>Wenn du Lust hast in unserem Verein aktiv zu sein, dann komm gerne zum &#8222;Probe&#8220; Training vorbei. Infos zu den Trainingszeiten findest du unter den einzelnen Spaten. Gerne kannst du auch direkt den Vorstand oder die Spatenleiter*innen ansprechen.<\/p>\n<p><br \/>Das Formular zur Beitrittserkl\u00e4rung findest du hier:<\/p>\n<p>Erwachsene (\u00dc18)<\/p>\n\n\n<div class=\"wp-block-file\"><a href=\"http:\/\/ttc-rieseberg-scheppau.de\/wp-content\/uploads\/2021\/08\/Eintrittserklaerung-TTC-07-2021-Ue18.pdf\"><span class=\"has-inline-color has-vivid-cyan-blue-color\">Eintrittserklaerung-TTC-07-2021-Ue18<\/span><\/a><a href=\"http:\/\/ttc-rieseberg-scheppau.de\/wp-content\/uploads\/2021\/08\/Eintrittserklaerung-TTC-07-2021-Ue18.pdf\" class=\"wp-block-file__button\" download>Herunterladen<\/a><\/div>\n\n\n\n<p>Kinder und Jugendliche (U18):<\/p>\n\n\n\n<div class=\"wp-block-file\"><a href=\"http:\/\/ttc-rieseberg-scheppau.de\/wp-content\/uploads\/2021\/08\/Eintrittserklaerung-TTC-07-2021-U18.pdf\"><span class=\"has-inline-color has-vivid-cyan-blue-color\">Eintrittserklaerung-TTC-07-2021-U18<\/span><\/a><a href=\"http:\/\/ttc-rieseberg-scheppau.de\/wp-content\/uploads\/2021\/08\/Eintrittserklaerung-TTC-07-2021-U18.pdf\" class=\"wp-block-file__button\" download>Herunterladen<\/a><\/div>\n<div class=\"pvc_clear\"><\/div><p id=\"pvc_stats_28\" class=\"pvc_stats all  \" data-element-id=\"28\" style=\"\"><i class=\"pvc-stats-icon medium\" aria-hidden=\"true\"><svg aria-hidden=\"true\" focusable=\"false\" data-prefix=\"far\" data-icon=\"chart-bar\" role=\"img\" xmlns=\"http:\/\/www.w3.org\/2000\/svg\" viewBox=\"0 0 512 512\" class=\"svg-inline--fa fa-chart-bar fa-w-16 fa-2x\"><path fill=\"currentColor\" d=\"M396.8 352h22.4c6.4 0 12.8-6.4 12.8-12.8V108.8c0-6.4-6.4-12.8-12.8-12.8h-22.4c-6.4 0-12.8 6.4-12.8 12.8v230.4c0 6.4 6.4 12.8 12.8 12.8zm-192 0h22.4c6.4 0 12.8-6.4 12.8-12.8V140.8c0-6.4-6.4-12.8-12.8-12.8h-22.4c-6.4 0-12.8 6.4-12.8 12.8v198.4c0 6.4 6.4 12.8 12.8 12.8zm96 0h22.4c6.4 0 12.8-6.4 12.8-12.8V204.8c0-6.4-6.4-12.8-12.8-12.8h-22.4c-6.4 0-12.8 6.4-12.8 12.8v134.4c0 6.4 6.4 12.8 12.8 12.8zM496 400H48V80c0-8.84-7.16-16-16-16H16C7.16 64 0 71.16 0 80v336c0 17.67 14.33 32 32 32h464c8.84 0 16-7.16 16-16v-16c0-8.84-7.16-16-16-16zm-387.2-48h22.4c6.4 0 12.8-6.4 12.8-12.8v-70.4c0-6.4-6.4-12.8-12.8-12.8h-22.4c-6.4 0-12.8 6.4-12.8 12.8v70.4c0 6.4 6.4 12.8 12.8 12.8z\" class=\"\"><\/path><\/svg><\/i> <img loading=\"lazy\" decoding=\"async\" width=\"16\" height=\"16\" alt=\"Loading\" src=\"http:\/\/ttc-rieseberg-scheppau.de\/wp-content\/plugins\/page-views-count\/ajax-loader-2x.gif\" border=0 \/><\/p><div class=\"pvc_clear\"><\/div>","protected":false},"excerpt":{"rendered":"<p>Herzlich Willkommen auf der Homepage vom TTC Rieseberg-Scheppau e.V. von 1948. Hier kannst du dich \u00fcber unseren Verein informieren. Viel Spa\u00df beim st\u00f6bern. Wenn du Lust hast in unserem Verein aktiv zu sein, dann komm gerne zum &#8222;Probe&#8220; Training vorbei. Infos zu den Trainingszeiten findest du unter den einzelnen Spaten. Gerne kannst du auch direkt [&hellip;]<\/p>\n<div class=\"pvc_clear\"><\/div>\n<p id=\"pvc_stats_28\" class=\"pvc_stats all  \" data-element-id=\"28\" style=\"\"><i class=\"pvc-stats-icon medium\" aria-hidden=\"true\"><svg aria-hidden=\"true\" focusable=\"false\" data-prefix=\"far\" data-icon=\"chart-bar\" role=\"img\" xmlns=\"http:\/\/www.w3.org\/2000\/svg\" viewBox=\"0 0 512 512\" class=\"svg-inline--fa fa-chart-bar fa-w-16 fa-2x\"><path fill=\"currentColor\" d=\"M396.8 352h22.4c6.4 0 12.8-6.4 12.8-12.8V108.8c0-6.4-6.4-12.8-12.8-12.8h-22.4c-6.4 0-12.8 6.4-12.8 12.8v230.4c0 6.4 6.4 12.8 12.8 12.8zm-192 0h22.4c6.4 0 12.8-6.4 12.8-12.8V140.8c0-6.4-6.4-12.8-12.8-12.8h-22.4c-6.4 0-12.8 6.4-12.8 12.8v198.4c0 6.4 6.4 12.8 12.8 12.8zm96 0h22.4c6.4 0 12.8-6.4 12.8-12.8V204.8c0-6.4-6.4-12.8-12.8-12.8h-22.4c-6.4 0-12.8 6.4-12.8 12.8v134.4c0 6.4 6.4 12.8 12.8 12.8zM496 400H48V80c0-8.84-7.16-16-16-16H16C7.16 64 0 71.16 0 80v336c0 17.67 14.33 32 32 32h464c8.84 0 16-7.16 16-16v-16c0-8.84-7.16-16-16-16zm-387.2-48h22.4c6.4 0 12.8-6.4 12.8-12.8v-70.4c0-6.4-6.4-12.8-12.8-12.8h-22.4c-6.4 0-12.8 6.4-12.8 12.8v70.4c0 6.4 6.4 12.8 12.8 12.8z\" class=\"\"><\/path><\/svg><\/i> <img loading=\"lazy\" decoding=\"async\" width=\"16\" height=\"16\" alt=\"Loading\" src=\"http:\/\/ttc-rieseberg-scheppau.de\/wp-content\/plugins\/page-views-count\/ajax-loader-2x.gif\" border=0 \/><\/p>\n<div class=\"pvc_clear\"><\/div>\n","protected":false},"author":1,"featured_media":0,"parent":0,"menu_order":0,"comment_status":"closed","ping_status":"closed","template":"","meta":{"footnotes":""},"class_list":["post-28","page","type-page","status-publish","hentry"],"_links":{"self":[{"href":"http:\/\/ttc-rieseberg-scheppau.de\/index.php?rest_route=\/wp\/v2\/pages\/28","targetHints":{"allow":["GET"]}}],"collection":[{"href":"http:\/\/ttc-rieseberg-scheppau.de\/index.php?rest_route=\/wp\/v2\/pages"}],"about":[{"href":"http:\/\/ttc-rieseberg-scheppau.de\/index.php?rest_route=\/wp\/v2\/types\/page"}],"author":[{"embeddable":true,"href":"http:\/\/ttc-rieseberg-scheppau.de\/index.php?rest_route=\/wp\/v2\/users\/1"}],"replies":[{"embeddable":true,"href":"http:\/\/ttc-rieseberg-scheppau.de\/index.php?rest_route=%2Fwp%2Fv2%2Fcomments&post=28"}],"version-history":[{"count":10,"href":"http:\/\/ttc-rieseberg-scheppau.de\/index.php?rest_route=\/wp\/v2\/pages\/28\/revisions"}],"predecessor-version":[{"id":479,"href":"http:\/\/ttc-rieseberg-scheppau.de\/index.php?rest_route=\/wp\/v2\/pages\/28\/revisions\/479"}],"wp:attachment":[{"href":"http:\/\/ttc-rieseberg-scheppau.de\/index.php?rest_route=%2Fwp%2Fv2%2Fmedia&parent=28"}],"curies":[{"name":"wp","href":"https:\/\/api.w.org\/{rel}","templated":true}]}}