{"id":79,"date":"2020-01-24T07:07:29","date_gmt":"2020-01-24T07:07:29","guid":{"rendered":"http:\/\/ttc-rieseberg-scheppau.de\/?page_id=79"},"modified":"2021-09-21T05:44:35","modified_gmt":"2021-09-21T05:44:35","slug":"bosseln","status":"publish","type":"page","link":"http:\/\/ttc-rieseberg-scheppau.de\/?page_id=79","title":{"rendered":"Bo\u00dfeln"},"content":{"rendered":"<p><img loading=\"lazy\" decoding=\"async\" class=\"alignnone wp-image-133\" src=\"http:\/\/ttc-rieseberg-scheppau.de\/wp-content\/uploads\/2020\/01\/bo\u00dfeln-300x274.png\" alt=\"\" width=\"217\" height=\"198\" srcset=\"http:\/\/ttc-rieseberg-scheppau.de\/wp-content\/uploads\/2020\/01\/bo\u00dfeln-300x274.png 300w, http:\/\/ttc-rieseberg-scheppau.de\/wp-content\/uploads\/2020\/01\/bo\u00dfeln-1x1.png 1w, http:\/\/ttc-rieseberg-scheppau.de\/wp-content\/uploads\/2020\/01\/bo\u00dfeln.png 303w\" sizes=\"auto, (max-width: 217px) 100vw, 217px\" \/><\/p>\n<p>Eine lange Tradition kann das Bo\u00dfeln in unserem Verein aufweisen.<\/p>\n<blockquote>\n<p>&#8220;\u00a0Ziel des Spiels ist es, eine Kugel mit m\u00f6glichst wenigen W\u00fcrfen \u00fcber eine festgelegte Strecke zu werfen.&#8220;<\/p>\n<\/blockquote>\n<p>Der vorrangig in Ostfriesland ausge\u00fcbte Sport wird seit 2003 auch bei uns im Verein angeboten und mit Freude praktiziert.<br \/>In regelm\u00e4\u00dfigen Abst\u00e4nden trifft sich eine Gruppe von 8 &#8211; 12 M\u00e4nnern und Frauen, um auf Stra\u00dfen, Rad- und Feldwegen die Gummi- oder Kunststoffkugel vor sich her zu schie\u00dfen. Immer dabei der Bollerwagen mit erfrischenden Getr\u00e4nken und Verpflegung. Wer Lust hat ist gerne gesehen.<\/p>\n<p>Termine k\u00f6nnen gerne bei der Spartenleiterin angefragt werden.<\/p>\n<ul>\n<li style=\"text-align: left;\">\u00a0Bo\u00dfeln\n<ul>\n<li>Spartenleiterin: Ulrike Gehrmann<\/li>\n<\/ul>\n<\/li>\n<\/ul>\n\n\n<figure class=\"wp-block-image size-large is-resized is-style-default\"><img loading=\"lazy\" decoding=\"async\" src=\"http:\/\/ttc-rieseberg-scheppau.de\/wp-content\/uploads\/2021\/09\/IMG_1101.jpg\" alt=\"\" class=\"wp-image-504\" width=\"647\" height=\"417\" srcset=\"http:\/\/ttc-rieseberg-scheppau.de\/wp-content\/uploads\/2021\/09\/IMG_1101.jpg 760w, http:\/\/ttc-rieseberg-scheppau.de\/wp-content\/uploads\/2021\/09\/IMG_1101-300x193.jpg 300w, http:\/\/ttc-rieseberg-scheppau.de\/wp-content\/uploads\/2021\/09\/IMG_1101-2x1.jpg 2w\" sizes=\"auto, (max-width: 647px) 100vw, 647px\" \/><figcaption>Das aktuelle Bo\u00dfelteam. Top gekleidet aus dem vereinseigenem Fanshop.<\/figcaption><\/figure>\n<div class=\"pvc_clear\"><\/div><p id=\"pvc_stats_79\" class=\"pvc_stats all  \" data-element-id=\"79\" style=\"\"><i class=\"pvc-stats-icon medium\" aria-hidden=\"true\"><svg aria-hidden=\"true\" focusable=\"false\" data-prefix=\"far\" data-icon=\"chart-bar\" role=\"img\" xmlns=\"http:\/\/www.w3.org\/2000\/svg\" viewBox=\"0 0 512 512\" class=\"svg-inline--fa fa-chart-bar fa-w-16 fa-2x\"><path fill=\"currentColor\" d=\"M396.8 352h22.4c6.4 0 12.8-6.4 12.8-12.8V108.8c0-6.4-6.4-12.8-12.8-12.8h-22.4c-6.4 0-12.8 6.4-12.8 12.8v230.4c0 6.4 6.4 12.8 12.8 12.8zm-192 0h22.4c6.4 0 12.8-6.4 12.8-12.8V140.8c0-6.4-6.4-12.8-12.8-12.8h-22.4c-6.4 0-12.8 6.4-12.8 12.8v198.4c0 6.4 6.4 12.8 12.8 12.8zm96 0h22.4c6.4 0 12.8-6.4 12.8-12.8V204.8c0-6.4-6.4-12.8-12.8-12.8h-22.4c-6.4 0-12.8 6.4-12.8 12.8v134.4c0 6.4 6.4 12.8 12.8 12.8zM496 400H48V80c0-8.84-7.16-16-16-16H16C7.16 64 0 71.16 0 80v336c0 17.67 14.33 32 32 32h464c8.84 0 16-7.16 16-16v-16c0-8.84-7.16-16-16-16zm-387.2-48h22.4c6.4 0 12.8-6.4 12.8-12.8v-70.4c0-6.4-6.4-12.8-12.8-12.8h-22.4c-6.4 0-12.8 6.4-12.8 12.8v70.4c0 6.4 6.4 12.8 12.8 12.8z\" class=\"\"><\/path><\/svg><\/i> <img loading=\"lazy\" decoding=\"async\" width=\"16\" height=\"16\" alt=\"Loading\" src=\"http:\/\/ttc-rieseberg-scheppau.de\/wp-content\/plugins\/page-views-count\/ajax-loader-2x.gif\" border=0 \/><\/p><div class=\"pvc_clear\"><\/div>","protected":false},"excerpt":{"rendered":"<p>Eine lange Tradition kann das Bo\u00dfeln in unserem Verein aufweisen. &#8220;\u00a0Ziel des Spiels ist es, eine Kugel mit m\u00f6glichst wenigen W\u00fcrfen \u00fcber eine festgelegte Strecke zu werfen.&#8220; Der vorrangig in Ostfriesland ausge\u00fcbte Sport wird seit 2003 auch bei uns im Verein angeboten und mit Freude praktiziert.In regelm\u00e4\u00dfigen Abst\u00e4nden trifft sich eine Gruppe von 8 &#8211; [&hellip;]<\/p>\n<div class=\"pvc_clear\"><\/div>\n<p id=\"pvc_stats_79\" class=\"pvc_stats all  \" data-element-id=\"79\" style=\"\"><i class=\"pvc-stats-icon medium\" aria-hidden=\"true\"><svg aria-hidden=\"true\" focusable=\"false\" data-prefix=\"far\" data-icon=\"chart-bar\" role=\"img\" xmlns=\"http:\/\/www.w3.org\/2000\/svg\" viewBox=\"0 0 512 512\" class=\"svg-inline--fa fa-chart-bar fa-w-16 fa-2x\"><path fill=\"currentColor\" d=\"M396.8 352h22.4c6.4 0 12.8-6.4 12.8-12.8V108.8c0-6.4-6.4-12.8-12.8-12.8h-22.4c-6.4 0-12.8 6.4-12.8 12.8v230.4c0 6.4 6.4 12.8 12.8 12.8zm-192 0h22.4c6.4 0 12.8-6.4 12.8-12.8V140.8c0-6.4-6.4-12.8-12.8-12.8h-22.4c-6.4 0-12.8 6.4-12.8 12.8v198.4c0 6.4 6.4 12.8 12.8 12.8zm96 0h22.4c6.4 0 12.8-6.4 12.8-12.8V204.8c0-6.4-6.4-12.8-12.8-12.8h-22.4c-6.4 0-12.8 6.4-12.8 12.8v134.4c0 6.4 6.4 12.8 12.8 12.8zM496 400H48V80c0-8.84-7.16-16-16-16H16C7.16 64 0 71.16 0 80v336c0 17.67 14.33 32 32 32h464c8.84 0 16-7.16 16-16v-16c0-8.84-7.16-16-16-16zm-387.2-48h22.4c6.4 0 12.8-6.4 12.8-12.8v-70.4c0-6.4-6.4-12.8-12.8-12.8h-22.4c-6.4 0-12.8 6.4-12.8 12.8v70.4c0 6.4 6.4 12.8 12.8 12.8z\" class=\"\"><\/path><\/svg><\/i> <img loading=\"lazy\" decoding=\"async\" width=\"16\" height=\"16\" alt=\"Loading\" src=\"http:\/\/ttc-rieseberg-scheppau.de\/wp-content\/plugins\/page-views-count\/ajax-loader-2x.gif\" border=0 \/><\/p>\n<div class=\"pvc_clear\"><\/div>\n","protected":false},"author":1,"featured_media":0,"parent":0,"menu_order":0,"comment_status":"closed","ping_status":"closed","template":"","meta":{"footnotes":""},"class_list":["post-79","page","type-page","status-publish","hentry"],"_links":{"self":[{"href":"http:\/\/ttc-rieseberg-scheppau.de\/index.php?rest_route=\/wp\/v2\/pages\/79","targetHints":{"allow":["GET"]}}],"collection":[{"href":"http:\/\/ttc-rieseberg-scheppau.de\/index.php?rest_route=\/wp\/v2\/pages"}],"about":[{"href":"http:\/\/ttc-rieseberg-scheppau.de\/index.php?rest_route=\/wp\/v2\/types\/page"}],"author":[{"embeddable":true,"href":"http:\/\/ttc-rieseberg-scheppau.de\/index.php?rest_route=\/wp\/v2\/users\/1"}],"replies":[{"embeddable":true,"href":"http:\/\/ttc-rieseberg-scheppau.de\/index.php?rest_route=%2Fwp%2Fv2%2Fcomments&post=79"}],"version-history":[{"count":7,"href":"http:\/\/ttc-rieseberg-scheppau.de\/index.php?rest_route=\/wp\/v2\/pages\/79\/revisions"}],"predecessor-version":[{"id":506,"href":"http:\/\/ttc-rieseberg-scheppau.de\/index.php?rest_route=\/wp\/v2\/pages\/79\/revisions\/506"}],"wp:attachment":[{"href":"http:\/\/ttc-rieseberg-scheppau.de\/index.php?rest_route=%2Fwp%2Fv2%2Fmedia&parent=79"}],"curies":[{"name":"wp","href":"https:\/\/api.w.org\/{rel}","templated":true}]}}